greatest common factor of 675 and 1875?
75
What is the greatest common divisor of 12135 and 2970?
15
What is the highest common factor of 435624 and 24?
24
Calculate the greatest common divisor of 22 and 61358.
22
What is the greatest common factor of 135 and 76140?
135
What is the greatest common factor of 29 and 122322?
29
Calculate the highest common divisor of 15550 and 125.
25
What is the highest common factor of 1465649 and 31?
31
Calculate the greatest common factor of 7406 and 28.
14
What is the greatest common divisor of 143284 and 1469?
113
What is the greatest common divisor of 139974 and 1230?
246
Calculate the highest common divisor of 140 and 31115.
35
What is the highest common factor of 482 and 42175?
241
What is the highest common factor of 2342528 and 24?
8
Calculate the greatest common divisor of 54715 and 155.
155
Calculate the greatest common factor of 1328 and 300792.
664
Calculate the highest common factor of 15588 and 180.
36
What is the highest common factor of 216 and 581607?
27
What is the greatest common divisor of 12453 and 42?
21
What is the highest common factor of 108 and 9990?
54
Calculate the highest common divisor of 93 and 7099.
31
What is the highest common divisor of 30149 and 24528?
511
Calculate the highest common factor of 403 and 372.
31
What is the greatest common divisor of 402270 and 240?
30
What is the highest common factor of 1032 and 552?
24
Calculate the greatest common factor of 234 and 882.
18
Calculate the greatest common factor of 1309 and 231.
77
What is the highest common factor of 55557 and 243?
9
What is the greatest common factor of 10043 and 747?
83
Calculate the highest common divisor of 455 and 130.
65
Calculate the highest common divisor of 10881 and 650442.
1209
What is the highest common divisor of 2597111 and 5907?
1969
What is the highest common divisor of 2284 and 52?
4
What is the greatest common factor of 72774 and 18349?
311
What is the highest common factor of 45761 and 5561?
67
Calculate the highest common factor of 9846 and 1026.
18
What is the greatest common divisor of 248017 and 77?
77
What is the greatest common divisor of 18675 and 480321?
747
What is the highest common divisor of 211379 and 7?
7
What is the greatest common factor of 182 and 7761?
13
Calculate the greatest common factor of 7 and 11548.
1
Calculate the greatest common factor of 1128 and 16752.
24
What is the highest common factor of 269155 and 15?
5
What is the highest common factor of 217120 and 5120?
160
What is the highest common factor of 370 and 365005?
185
Calculate the greatest common factor of 4087 and 7808.
61
What is the highest common factor of 38585 and 15?
5
What is the greatest common factor of 424863 and 81?
9
What is the greatest common divisor of 8122 and 101918?
262
Calculate the greatest common factor of 240 and 75160.
40
What is the greatest common factor of 202148 and 388?
388
Calculate the greatest common factor of 38 and 12178.
2
Calculate the highest common factor of 102128 and 52.
52
Calculate the greatest common factor of 250 and 6340.
10
What is the greatest common factor of 994262 and 34?
34
What is the greatest common divisor of 16 and 30512?
16
Calculate the greatest common factor of 4914 and 3654.
126
Calculate the greatest common divisor of 37 and 186443.
37
Calculate the greatest common factor of 5555 and 2717.
11
Calculate the highest common divisor of 3834 and 25986.
426
Calculate the highest common factor of 14456 and 30056.
104
What is the highest common divisor of 4216 and 160888?
136
What is the highest common factor of 6920 and 9440?
40
What is the greatest common factor of 8855 and 34615?
805
Calculate the highest common factor of 11473 and 22.
11
Calculate the greatest common factor of 270 and 10970.
10
Calculate the highest common divisor of 1964 and 76.
4
What is the greatest common factor of 16340 and 2040?
20
Calculate the greatest common factor of 5533 and 253.
11
What is the greatest common divisor of 18081 and 9143?
41
Calculate the greatest common factor of 324 and 66636.
108
What is the highest common divisor of 615 and 25625?
205
What is the greatest common divisor of 2114 and 10332?
14
Calculate the greatest common factor of 363405 and 70.
35
What is the highest common divisor of 1640 and 422?
2
Calculate the greatest common factor of 2288 and 1230240.
176
Calculate the greatest common divisor of 3740 and 12172.
68
Calculate the highest common divisor of 1191134 and 2.
2
What is the greatest common factor of 642663 and 63?
63
What is the highest common factor of 31378 and 928?
58
What is the highest common divisor of 2930 and 90?
10
What is the highest common divisor of 17164 and 172?
4
Calculate the greatest common divisor of 81 and 326187.
81
What is the greatest common factor of 1129408 and 704?
64
Calculate the highest common factor of 3245 and 11800.
295
Calculate the highest common factor of 12221 and 121.
121
Calculate the highest common factor of 22037 and 1.
1
Calculate the greatest common divisor of 3038 and 11594.
62
What is the highest common factor of 128 and 117056?
64
What is the greatest common divisor of 92 and 98003?
23
Calculate the greatest common factor of 680 and 657560.
680
Calculate the greatest common divisor of 1522476 and 9.
9
What is the greatest common factor of 24084 and 432?
108
What is the greatest common divisor of 33 and 17988?
3
What is the greatest common factor of 18 and 207639?
9
Calculate the greatest common factor of 69802 and 170.
34
What is the highest common divisor of 70 and 35665?
35
Calculate the highest common divisor of 42 and 57351.
21
What is the greatest common factor of 181249 and 422?
211
Calculate the greatest common factor of 1497792 and 8877.
807
What is the greatest common factor of 15 and 5485?
5
What is the greatest common factor of 27347 and 727053?
943
What is the greatest common divisor of 33468 and 18?
6
Calculate the highest common divisor of 62169 and 80937.
1173
Calculate the highest common divisor of 14 and 194446.
14
Calculate the highest common divisor of 5031 and 3003.
39
Calculate the greatest common factor of 24 and 45156.
12
What is the highest common divisor of 21085 and 10?
5
Calculate the greatest common divisor of 830780 and 40.
20
Calculate the greatest common divisor of 513 and 133.
19
Calculate the greatest common divisor of 36 and 1202598.
18
What is the highest common factor of 923610 and 15?
15
Calculate the highest common factor of 11135 and 13430.
85
Calculate the greatest common divisor of 40704 and 2112.
192
What is the greatest common divisor of 36992 and 688?
16
Calculate the highest common divisor of 92 and 243961.
23
Calculate the greatest common factor of 38930 and 4930.
170
What is the greatest common divisor of 10403 and 45423?
103
What is the greatest common divisor of 184 and 86894?
46
Calculate the highest common factor of 1848 and 128.
8
Calculate the greatest common factor of 3038935 and 8975.
1795
What is the highest common factor of 17155 and 365?
365
What is the greatest common factor of 735 and 6330?
15
What is the highest common divisor of 29133 and 498?
249
What is the greatest common factor of 615118 and 318?
106
What is the greatest common factor of 3 and 17529?
3
What is the highest common factor of 17521 and 49?
7
What is the greatest common divisor of 972 and 52596?
108
What is the greatest common divisor of 15 and 3048?
3
What is the greatest common divisor of 1285210 and 10?
10
What is the highest common divisor of 22 and 707795?
11
Calculate the greatest common divisor of 42548 and 88.
44
Calculate the greatest common divisor of 2407426 and 854.
854
Calculate the greatest common factor of 256964 and 1698.
566
What is the highest common factor of 120 and 283500?
60
Calculate the greatest common factor of 331900 and 1660.
20
Calculate the highest common factor of 34 and 2466.
2
What is the highest common divisor of 46 and 48254?
46
What is the highest common factor of 90 and 204990?
30
Calculate the highest common factor of 190152 and 139.
139
What is the greatest common factor of 3010 and 350?
70
Calculate the highest common divisor of 1476 and 236.
4
Calculate the greatest common divisor of 1872 and 66.
6
Calculate the greatest commo